{"id":1106,"date":"2016-04-27T10:52:53","date_gmt":"2016-04-27T13:52:53","guid":{"rendered":"http:\/\/cecafe.com.br\/en\/sobre-o-cafe\/historia-do-cafe\/"},"modified":"2016-05-04T09:01:52","modified_gmt":"2016-05-04T12:01:52","slug":"the-history-of-coffee","status":"publish","type":"page","link":"https:\/\/www.cecafe.com.br\/en\/about-coffee\/the-history-of-coffee\/","title":{"rendered":"The History of Coffee"},"content":{"rendered":"<h2><strong>The History of Coffee<\/strong><\/h2>\n<p>The beginning of the coffee history is not precise, but there is a legend of a shepherd of Abyssinia, currently Ethiopia, that about the year 800, noted that his goats were in a good mood and hopping when they ate a certain yellowish-reddish fruit. After chewing the fruit the animals were full of energy and walked kilometers and more kilometers through steep terrains.<\/p>\n<p>The shepherd reported the fact to a monk, who decided to taste an infusion of the fruit and found out that the drink helped him stay awake for his prayers and long hours of study. The news spread and generated a demand for the product. Evidences show that coffee was cultivated for the first time in Islamic monasteries in Yemen.<\/p>\n<p>Since the Islamic religion does not allow any alcoholic beverages at all, soon coffee spread among the religious cults of the Arabian region, where the name \u201ccoffee\u201d, \u201cqahwa\u201d in Arabic, meant wine. The fruit was roasted for the first time in Persia. The Arabs maintained the monopoly of the product until the 16<sup>th<\/sup> Century. But, after 1615, coffee beans began to be savored in the European continent where they were introduced by travelers after their trips to the Middle East.<\/p>\n<p>The European interest in coffee, led the Dutch to smuggle fresh seeds to begin plantations in their colonies in Asia (Java, Ceylon, and Sumatra) in 1699. \u00a0In the meantime, the French received some seedlings and started planting coffee in the Sandwich and Bourbon islands. From there, the Europeans brought seedlings to their colonies in Latin America.<\/p>\n<p>The arrival of coffee in Brazil is credited to Sergeant-Major Francisco de Mello Palheta. In 1727, he the governor of the States of Maranh\u00e3o e Gr\u00e3o Par\u00e1 assigned him to visit the French Guyana and to obtain seeds of the fruit, which had become a high commercial value product at the time.\u00a0 To have success in his endeavors, Palheta conquered the confidence of the wife of the governor of the French Guyana capital. At the end of the trip, the first lady offered him Arabica coffee seeds, which he brought to the city of Bel\u00e9m do Par\u00e1, hidden in his luggage.<\/p>\n<p>The climatic conditions of Brazil were favorable and soon coffee cultivation spread to other States. The Tijuca forest in Rio de Janeiro was the starting point for the large plantations that spread to Angra do Reis and Paraty in the State of Rio de Janeiro, and arrived in S\u00e3o Paulo through the town of Ubatuba.\u00a0 Soon afterwards coffee plantations occupied the Paraiba Valley and subsequently the\u00a0 area of Campinas (SP), the region of Ribeir\u00e3o Preto (SP), and the States of Minas Gerais and Paran\u00e1. In 1830, the beans were the main export product of Brazil. \u00a0Coffee drove the economic development of Brazil, especially, in the State of S\u00e3o Paulo, in which new railways\u00a0 &#8212; Sorocabana and Mogiana \u2013 were built to transport the goods to the Port of Santos.<\/p>\n<p>The superb coffee crops of the center-south of Brazil were shaken by a frost in 1870, which caused severe losses. Almost 60 years later, in 1929, \u00a0coffee crops suffered another shock:\u00a0 the New York Stock Exchange crash, which forced the Brazilian federal government\u00a0 to burn millions of coffee bags to avoid an even worse crisis. \u00a0The dramatic episode marked the end of the golden cycle of coffee, which went\u00a0 from 1800 to 1929.\u00a0 Later, coffee fields were replanted in the states of Minas Gerais, S\u00e3o Paulo, Esp\u00edrito Santo, Paran\u00e1 and currently they are present in 15 Brazilian states. Coffee is no longer the most important export product of Brazil, but it is still one of the most important commodities \u00a0in Brazilian foreign trade within the agribusiness segment.<\/p>\n","protected":false},"excerpt":{"rendered":"<p>The History of Coffee The beginning of the coffee history is not precise, but there is a legend of a shepherd of Abyssinia, currently Ethiopia, that about the year 800, noted that his goats were  [&#8230;]<\/p>\n","protected":false},"author":56,"featured_media":0,"parent":1095,"menu_order":0,"comment_status":"closed","ping_status":"closed","template":"","meta":{"footnotes":""},"class_list":["post-1106","page","type-page","status-publish","hentry"],"acf":[],"yoast_head":"<!-- This site is optimized with the Yoast SEO plugin v27.5 - https:\/\/yoast.com\/product\/yoast-seo-wordpress\/ -->\n<title>The History of Coffee - Cecaf\u00e9<\/title>\n<meta name=\"robots\" content=\"index, follow, max-snippet:-1, max-image-preview:large, max-video-preview:-1\" \/>\n<link rel=\"canonical\" href=\"https:\/\/www.cecafe.com.br\/en\/about-coffee\/the-history-of-coffee\/\" \/>\n<meta property=\"og:locale\" content=\"en_US\" \/>\n<meta property=\"og:type\" content=\"article\" \/>\n<meta property=\"og:title\" content=\"The History of Coffee - Cecaf\u00e9\" \/>\n<meta property=\"og:description\" content=\"The History of Coffee The beginning of the coffee history is not precise, but there is a legend of a shepherd of Abyssinia, currently Ethiopia, that about the year 800, noted that his goats were [...]\" \/>\n<meta property=\"og:url\" content=\"https:\/\/www.cecafe.com.br\/en\/about-coffee\/the-history-of-coffee\/\" \/>\n<meta property=\"og:site_name\" content=\"Cecaf\u00e9\" \/>\n<meta property=\"article:publisher\" content=\"https:\/\/www.facebook.com\/cecafebrazil\" \/>\n<meta property=\"article:modified_time\" content=\"2016-05-04T12:01:52+00:00\" \/>\n<meta property=\"og:image\" content=\"https:\/\/www.cecafe.com.br\/site\/wp-content\/uploads\/2019\/07\/logo-cecafe-png-300-200_2.png\" \/>\n\t<meta property=\"og:image:width\" content=\"300\" \/>\n\t<meta property=\"og:image:height\" content=\"200\" \/>\n\t<meta property=\"og:image:type\" content=\"image\/png\" \/>\n<meta name=\"twitter:card\" content=\"summary_large_image\" \/>\n<meta name=\"twitter:site\" content=\"@cecafebrazil\" \/>\n<meta name=\"twitter:label1\" content=\"Est. reading time\" \/>\n\t<meta name=\"twitter:data1\" content=\"3 minutes\" \/>\n<script type=\"application\/ld+json\" class=\"yoast-schema-graph\">{\"@context\":\"https:\\\/\\\/schema.org\",\"@graph\":[{\"@type\":\"WebPage\",\"@id\":\"https:\\\/\\\/www.cecafe.com.br\\\/en\\\/about-coffee\\\/the-history-of-coffee\\\/\",\"url\":\"https:\\\/\\\/www.cecafe.com.br\\\/en\\\/about-coffee\\\/the-history-of-coffee\\\/\",\"name\":\"The History of Coffee - Cecaf\u00e9\",\"isPartOf\":{\"@id\":\"https:\\\/\\\/www.cecafe.com.br\\\/en\\\/#website\"},\"datePublished\":\"2016-04-27T13:52:53+00:00\",\"dateModified\":\"2016-05-04T12:01:52+00:00\",\"breadcrumb\":{\"@id\":\"https:\\\/\\\/www.cecafe.com.br\\\/en\\\/about-coffee\\\/the-history-of-coffee\\\/#breadcrumb\"},\"inLanguage\":\"en-US\",\"potentialAction\":[{\"@type\":\"ReadAction\",\"target\":[\"https:\\\/\\\/www.cecafe.com.br\\\/en\\\/about-coffee\\\/the-history-of-coffee\\\/\"]}]},{\"@type\":\"BreadcrumbList\",\"@id\":\"https:\\\/\\\/www.cecafe.com.br\\\/en\\\/about-coffee\\\/the-history-of-coffee\\\/#breadcrumb\",\"itemListElement\":[{\"@type\":\"ListItem\",\"position\":1,\"name\":\"In\u00edcio\",\"item\":\"https:\\\/\\\/www.cecafe.com.br\\\/en\\\/\"},{\"@type\":\"ListItem\",\"position\":2,\"name\":\"About coffee\",\"item\":\"https:\\\/\\\/www.cecafe.com.br\\\/en\\\/about-coffee\\\/\"},{\"@type\":\"ListItem\",\"position\":3,\"name\":\"The History of Coffee\"}]},{\"@type\":\"WebSite\",\"@id\":\"https:\\\/\\\/www.cecafe.com.br\\\/en\\\/#website\",\"url\":\"https:\\\/\\\/www.cecafe.com.br\\\/en\\\/\",\"name\":\"Conselho dos Exportadores de Caf\u00e9 do Brasil\",\"description\":\"Conselho dos Exportadores de Caf\u00e9 do Brasil\",\"publisher\":{\"@id\":\"https:\\\/\\\/www.cecafe.com.br\\\/en\\\/#organization\"},\"potentialAction\":[{\"@type\":\"SearchAction\",\"target\":{\"@type\":\"EntryPoint\",\"urlTemplate\":\"https:\\\/\\\/www.cecafe.com.br\\\/en\\\/?s={search_term_string}\"},\"query-input\":{\"@type\":\"PropertyValueSpecification\",\"valueRequired\":true,\"valueName\":\"search_term_string\"}}],\"inLanguage\":\"en-US\"},{\"@type\":\"Organization\",\"@id\":\"https:\\\/\\\/www.cecafe.com.br\\\/en\\\/#organization\",\"name\":\"Conselho dos Exportadores de Caf\u00e9 do Brasil\",\"url\":\"https:\\\/\\\/www.cecafe.com.br\\\/en\\\/\",\"logo\":{\"@type\":\"ImageObject\",\"inLanguage\":\"en-US\",\"@id\":\"https:\\\/\\\/www.cecafe.com.br\\\/en\\\/#\\\/schema\\\/logo\\\/image\\\/\",\"url\":\"https:\\\/\\\/www.cecafe.com.br\\\/site\\\/wp-content\\\/uploads\\\/2019\\\/07\\\/logo-cecafe-png-300-200_2.png\",\"contentUrl\":\"https:\\\/\\\/www.cecafe.com.br\\\/site\\\/wp-content\\\/uploads\\\/2019\\\/07\\\/logo-cecafe-png-300-200_2.png\",\"width\":300,\"height\":200,\"caption\":\"Conselho dos Exportadores de Caf\u00e9 do Brasil\"},\"image\":{\"@id\":\"https:\\\/\\\/www.cecafe.com.br\\\/en\\\/#\\\/schema\\\/logo\\\/image\\\/\"},\"sameAs\":[\"https:\\\/\\\/www.facebook.com\\\/cecafebrazil\",\"https:\\\/\\\/x.com\\\/cecafebrazil\",\"https:\\\/\\\/www.instagram.com\\\/cecafebrazil\\\/\",\"https:\\\/\\\/www.linkedin.com\\\/company\\\/cecafebrazil\\\/\",\"https:\\\/\\\/www.youtube.com\\\/channel\\\/UCNvHIPqfwzTl-Yl2VOFnXXA\"]}]}<\/script>\n<!-- \/ Yoast SEO plugin. -->","yoast_head_json":{"title":"The History of Coffee - Cecaf\u00e9","robots":{"index":"index","follow":"follow","max-snippet":"max-snippet:-1","max-image-preview":"max-image-preview:large","max-video-preview":"max-video-preview:-1"},"canonical":"https:\/\/www.cecafe.com.br\/en\/about-coffee\/the-history-of-coffee\/","og_locale":"en_US","og_type":"article","og_title":"The History of Coffee - Cecaf\u00e9","og_description":"The History of Coffee The beginning of the coffee history is not precise, but there is a legend of a shepherd of Abyssinia, currently Ethiopia, that about the year 800, noted that his goats were [...]","og_url":"https:\/\/www.cecafe.com.br\/en\/about-coffee\/the-history-of-coffee\/","og_site_name":"Cecaf\u00e9","article_publisher":"https:\/\/www.facebook.com\/cecafebrazil","article_modified_time":"2016-05-04T12:01:52+00:00","og_image":[{"width":300,"height":200,"url":"https:\/\/www.cecafe.com.br\/site\/wp-content\/uploads\/2019\/07\/logo-cecafe-png-300-200_2.png","type":"image\/png"}],"twitter_card":"summary_large_image","twitter_site":"@cecafebrazil","twitter_misc":{"Est. reading time":"3 minutes"},"schema":{"@context":"https:\/\/schema.org","@graph":[{"@type":"WebPage","@id":"https:\/\/www.cecafe.com.br\/en\/about-coffee\/the-history-of-coffee\/","url":"https:\/\/www.cecafe.com.br\/en\/about-coffee\/the-history-of-coffee\/","name":"The History of Coffee - Cecaf\u00e9","isPartOf":{"@id":"https:\/\/www.cecafe.com.br\/en\/#website"},"datePublished":"2016-04-27T13:52:53+00:00","dateModified":"2016-05-04T12:01:52+00:00","breadcrumb":{"@id":"https:\/\/www.cecafe.com.br\/en\/about-coffee\/the-history-of-coffee\/#breadcrumb"},"inLanguage":"en-US","potentialAction":[{"@type":"ReadAction","target":["https:\/\/www.cecafe.com.br\/en\/about-coffee\/the-history-of-coffee\/"]}]},{"@type":"BreadcrumbList","@id":"https:\/\/www.cecafe.com.br\/en\/about-coffee\/the-history-of-coffee\/#breadcrumb","itemListElement":[{"@type":"ListItem","position":1,"name":"In\u00edcio","item":"https:\/\/www.cecafe.com.br\/en\/"},{"@type":"ListItem","position":2,"name":"About coffee","item":"https:\/\/www.cecafe.com.br\/en\/about-coffee\/"},{"@type":"ListItem","position":3,"name":"The History of Coffee"}]},{"@type":"WebSite","@id":"https:\/\/www.cecafe.com.br\/en\/#website","url":"https:\/\/www.cecafe.com.br\/en\/","name":"Conselho dos Exportadores de Caf\u00e9 do Brasil","description":"Conselho dos Exportadores de Caf\u00e9 do Brasil","publisher":{"@id":"https:\/\/www.cecafe.com.br\/en\/#organization"},"potentialAction":[{"@type":"SearchAction","target":{"@type":"EntryPoint","urlTemplate":"https:\/\/www.cecafe.com.br\/en\/?s={search_term_string}"},"query-input":{"@type":"PropertyValueSpecification","valueRequired":true,"valueName":"search_term_string"}}],"inLanguage":"en-US"},{"@type":"Organization","@id":"https:\/\/www.cecafe.com.br\/en\/#organization","name":"Conselho dos Exportadores de Caf\u00e9 do Brasil","url":"https:\/\/www.cecafe.com.br\/en\/","logo":{"@type":"ImageObject","inLanguage":"en-US","@id":"https:\/\/www.cecafe.com.br\/en\/#\/schema\/logo\/image\/","url":"https:\/\/www.cecafe.com.br\/site\/wp-content\/uploads\/2019\/07\/logo-cecafe-png-300-200_2.png","contentUrl":"https:\/\/www.cecafe.com.br\/site\/wp-content\/uploads\/2019\/07\/logo-cecafe-png-300-200_2.png","width":300,"height":200,"caption":"Conselho dos Exportadores de Caf\u00e9 do Brasil"},"image":{"@id":"https:\/\/www.cecafe.com.br\/en\/#\/schema\/logo\/image\/"},"sameAs":["https:\/\/www.facebook.com\/cecafebrazil","https:\/\/x.com\/cecafebrazil","https:\/\/www.instagram.com\/cecafebrazil\/","https:\/\/www.linkedin.com\/company\/cecafebrazil\/","https:\/\/www.youtube.com\/channel\/UCNvHIPqfwzTl-Yl2VOFnXXA"]}]}},"_links":{"self":[{"href":"https:\/\/www.cecafe.com.br\/en\/wp-json\/wp\/v2\/pages\/1106","targetHints":{"allow":["GET"]}}],"collection":[{"href":"https:\/\/www.cecafe.com.br\/en\/wp-json\/wp\/v2\/pages"}],"about":[{"href":"https:\/\/www.cecafe.com.br\/en\/wp-json\/wp\/v2\/types\/page"}],"author":[{"embeddable":true,"href":"https:\/\/www.cecafe.com.br\/en\/wp-json\/wp\/v2\/users\/56"}],"replies":[{"embeddable":true,"href":"https:\/\/www.cecafe.com.br\/en\/wp-json\/wp\/v2\/comments?post=1106"}],"version-history":[{"count":0,"href":"https:\/\/www.cecafe.com.br\/en\/wp-json\/wp\/v2\/pages\/1106\/revisions"}],"up":[{"embeddable":true,"href":"https:\/\/www.cecafe.com.br\/en\/wp-json\/wp\/v2\/pages\/1095"}],"wp:attachment":[{"href":"https:\/\/www.cecafe.com.br\/en\/wp-json\/wp\/v2\/media?parent=1106"}],"curies":[{"name":"wp","href":"https:\/\/api.w.org\/{rel}","templated":true}]}}

<h2><strong>The History of Coffee</strong></h2>
<p>The beginning of the coffee history is not precise, but there is a legend of a shepherd of Abyssinia, currently Ethiopia, that about the year 800, noted that his goats were in a good mood and hopping when they ate a certain yellowish-reddish fruit. After chewing the fruit the animals were full of energy and walked kilometers and more kilometers through steep terrains.</p>
<p>The shepherd reported the fact to a monk, who decided to taste an infusion of the fruit and found out that the drink helped him stay awake for his prayers and long hours of study. The news spread and generated a demand for the product. Evidences show that coffee was cultivated for the first time in Islamic monasteries in Yemen.</p>
<p>Since the Islamic religion does not allow any alcoholic beverages at all, soon coffee spread among the religious cults of the Arabian region, where the name “coffee”, “qahwa” in Arabic, meant wine. The fruit was roasted for the first time in Persia. The Arabs maintained the monopoly of the product until the 16<sup>th</sup> Century. But, after 1615, coffee beans began to be savored in the European continent where they were introduced by travelers after their trips to the Middle East.</p>
<p>The European interest in coffee, led the Dutch to smuggle fresh seeds to begin plantations in their colonies in Asia (Java, Ceylon, and Sumatra) in 1699.  In the meantime, the French received some seedlings and started planting coffee in the Sandwich and Bourbon islands. From there, the Europeans brought seedlings to their colonies in Latin America.</p>
<p>The arrival of coffee in Brazil is credited to Sergeant-Major Francisco de Mello Palheta. In 1727, he the governor of the States of Maranhão e Grão Pará assigned him to visit the French Guyana and to obtain seeds of the fruit, which had become a high commercial value product at the time.  To have success in his endeavors, Palheta conquered the confidence of the wife of the governor of the French Guyana capital. At the end of the trip, the first lady offered him Arabica coffee seeds, which he brought to the city of Belém do Pará, hidden in his luggage.</p>
<p>The climatic conditions of Brazil were favorable and soon coffee cultivation spread to other States. The Tijuca forest in Rio de Janeiro was the starting point for the large plantations that spread to Angra do Reis and Paraty in the State of Rio de Janeiro, and arrived in São Paulo through the town of Ubatuba.  Soon afterwards coffee plantations occupied the Paraiba Valley and subsequently the  area of Campinas (SP), the region of Ribeirão Preto (SP), and the States of Minas Gerais and Paraná. In 1830, the beans were the main export product of Brazil.  Coffee drove the economic development of Brazil, especially, in the State of São Paulo, in which new railways  &#8212; Sorocabana and Mogiana – were built to transport the goods to the Port of Santos.</p>
<p>The superb coffee crops of the center-south of Brazil were shaken by a frost in 1870, which caused severe losses. Almost 60 years later, in 1929,  coffee crops suffered another shock:  the New York Stock Exchange crash, which forced the Brazilian federal government  to burn millions of coffee bags to avoid an even worse crisis.  The dramatic episode marked the end of the golden cycle of coffee, which went  from 1800 to 1929.  Later, coffee fields were replanted in the states of Minas Gerais, São Paulo, Espírito Santo, Paraná and currently they are present in 15 Brazilian states. Coffee is no longer the most important export product of Brazil, but it is still one of the most important commodities  in Brazilian foreign trade within the agribusiness segment.</p>

<!-- This site is optimized with the Yoast SEO plugin v27.5 - https://yoast.com/product/yoast-seo-wordpress/ -->
<title>The History of Coffee - Cecafé</title>
<meta name="robots" content="index, follow, max-snippet:-1, max-image-preview:large, max-video-preview:-1" />
<link rel="canonical" href="https://www.cecafe.com.br/en/about-coffee/the-history-of-coffee/" />
<meta property="og:locale" content="en_US" />
<meta property="og:type" content="article" />
<meta property="og:title" content="The History of Coffee - Cecafé" />
<meta property="og:description" content="The History of Coffee The beginning of the coffee history is not precise, but there is a legend of a shepherd of Abyssinia, currently Ethiopia, that about the year 800, noted that his goats were [...]" />
<meta property="og:url" content="https://www.cecafe.com.br/en/about-coffee/the-history-of-coffee/" />
<meta property="og:site_name" content="Cecafé" />
<meta property="article:publisher" content="https://www.facebook.com/cecafebrazil" />
<meta property="article:modified_time" content="2016-05-04T12:01:52+00:00" />
<meta property="og:image" content="https://www.cecafe.com.br/site/wp-content/uploads/2019/07/logo-cecafe-png-300-200_2.png" />
	<meta property="og:image:width" content="300" />
	<meta property="og:image:height" content="200" />
	<meta property="og:image:type" content="image/png" />
<meta name="twitter:card" content="summary_large_image" />
<meta name="twitter:site" content="@cecafebrazil" />
<meta name="twitter:label1" content="Est. reading time" />
	<meta name="twitter:data1" content="3 minutes" />
<script type="application/ld+json" class="yoast-schema-graph">{"@context":"https:\/\/schema.org","@graph":[{"@type":"WebPage","@id":"https:\/\/www.cecafe.com.br\/en\/about-coffee\/the-history-of-coffee\/","url":"https:\/\/www.cecafe.com.br\/en\/about-coffee\/the-history-of-coffee\/","name":"The History of Coffee - Cecafé","isPartOf":{"@id":"https:\/\/www.cecafe.com.br\/en\/#website"},"datePublished":"2016-04-27T13:52:53+00:00","dateModified":"2016-05-04T12:01:52+00:00","breadcrumb":{"@id":"https:\/\/www.cecafe.com.br\/en\/about-coffee\/the-history-of-coffee\/#breadcrumb"},"inLanguage":"en-US","potentialAction":[{"@type":"ReadAction","target":["https:\/\/www.cecafe.com.br\/en\/about-coffee\/the-history-of-coffee\/"]}]},{"@type":"BreadcrumbList","@id":"https:\/\/www.cecafe.com.br\/en\/about-coffee\/the-history-of-coffee\/#breadcrumb","itemListElement":[{"@type":"ListItem","position":1,"name":"Início","item":"https:\/\/www.cecafe.com.br\/en\/"},{"@type":"ListItem","position":2,"name":"About coffee","item":"https:\/\/www.cecafe.com.br\/en\/about-coffee\/"},{"@type":"ListItem","position":3,"name":"The History of Coffee"}]},{"@type":"WebSite","@id":"https:\/\/www.cecafe.com.br\/en\/#website","url":"https:\/\/www.cecafe.com.br\/en\/","name":"Conselho dos Exportadores de Café do Brasil","description":"Conselho dos Exportadores de Café do Brasil","publisher":{"@id":"https:\/\/www.cecafe.com.br\/en\/#organization"},"potentialAction":[{"@type":"SearchAction","target":{"@type":"EntryPoint","urlTemplate":"https:\/\/www.cecafe.com.br\/en\/?s={search_term_string}"},"query-input":{"@type":"PropertyValueSpecification","valueRequired":true,"valueName":"search_term_string"}}],"inLanguage":"en-US"},{"@type":"Organization","@id":"https:\/\/www.cecafe.com.br\/en\/#organization","name":"Conselho dos Exportadores de Café do Brasil","url":"https:\/\/www.cecafe.com.br\/en\/","logo":{"@type":"ImageObject","inLanguage":"en-US","@id":"https:\/\/www.cecafe.com.br\/en\/#\/schema\/logo\/image\/","url":"https:\/\/www.cecafe.com.br\/site\/wp-content\/uploads\/2019\/07\/logo-cecafe-png-300-200_2.png","contentUrl":"https:\/\/www.cecafe.com.br\/site\/wp-content\/uploads\/2019\/07\/logo-cecafe-png-300-200_2.png","width":300,"height":200,"caption":"Conselho dos Exportadores de Café do Brasil"},"image":{"@id":"https:\/\/www.cecafe.com.br\/en\/#\/schema\/logo\/image\/"},"sameAs":["https:\/\/www.facebook.com\/cecafebrazil","https:\/\/x.com\/cecafebrazil","https:\/\/www.instagram.com\/cecafebrazil\/","https:\/\/www.linkedin.com\/company\/cecafebrazil\/","https:\/\/www.youtube.com\/channel\/UCNvHIPqfwzTl-Yl2VOFnXXA"]}]}</script>
<!-- / Yoast SEO plugin. -->

The History of Coffee - Cecafé

Cecafé

Início

Conselho dos Exportadores de Café do Brasil
